{"id":2155,"date":"2024-03-27T09:47:43","date_gmt":"2024-03-27T08:47:43","guid":{"rendered":"https:\/\/woocommerce.mykomela.com\/fringue1\/product\/polo-a-col-bleu\/"},"modified":"2025-11-17T10:30:28","modified_gmt":"2025-11-17T09:30:28","slug":"polo-a-col-bleu","status":"publish","type":"product","link":"https:\/\/woocommerce.mykomela.com\/fringue1\/product\/polo-a-col-bleu\/","title":{"rendered":"Polo \u00e0 col bleu"},"content":{"rendered":"<p>On vous la propose en format muscl\u00e9, d\u00e9couvrez la fameuse vari\u00e9t\u00e9 Bubble Gum CBD en big buds. Uniquement des grosses t\u00eates de minium 3 grammes dans vos pochons <span style=\"font-style: normal;font-variant: normal;font-weight: 400;font-size: 11pt;font-family: Arial, sans-serif\"><span style=\"border:none;overflow:hidden;width:32px;height:32px\"><img loading=\"lazy\" loading=\"lazy\" decoding=\"async\" alt=\"??\" src=\"https:\/\/lh5.googleusercontent.com\/qmvRPEWBb9PY7GXB3m5YeAyrZj_xtLpfreQRSDmlHs2NHpnvE6PQHU0uPtAq-ip6BKozPaQ-z_htOOBIMIBVde6ZRLfQqUCoW5SuWONTFnmU-cpuPW8EN29CiIW-Jo4z19ZiWRgMrODYqsYbYaVYpd4\" width=\"32\" height=\"32\"><\/span><\/span><\/p>\n<p dir=\"ltr\" style=\"line-height:1.38;margin-top:0pt;margin-bottom:0pt\"><span style=\"font-size: 11pt;font-family: Arial, sans-serif;font-weight: 400;font-style: normal;font-variant: normal\">La Bubble Gum est&nbsp;<\/span><span style=\"font-style: normal;font-variant: normal;font-weight: 400;font-size: 11pt;font-family: Arial, sans-serif\">une vari\u00e9t\u00e9 de ph\u00e9notype <\/span><span style=\"font-style: normal;font-variant: normal;font-size: 11pt;font-family: Calibri, sans-serif;font-weight: 700\">Indica<\/span><span style=\"font-style: normal;font-variant: normal;font-weight: 400;font-size: 11pt;font-family: Arial, sans-serif\">, avec un aspect plut\u00f4t compact.<\/span><\/p>\n<p dir=\"ltr\" style=\"line-height:1.38;margin-top:12pt;margin-bottom:12pt\"><span style=\"font-size: 11pt;font-family: Arial, sans-serif;font-weight: 400;font-style: normal;font-variant: normal\">Sa saveur est <\/span><span style=\"font-size: 11pt;font-family: Calibri, sans-serif;font-weight: 700;font-style: normal;font-variant: normal\">am\u00e8re<\/span><span style=\"font-size: 11pt;font-family: Arial, sans-serif;font-weight: 400;font-style: normal;font-variant: normal\">, plut\u00f4t <\/span><span style=\"font-size: 11pt;font-family: Calibri, sans-serif;font-weight: 700;font-style: normal;font-variant: normal\">fra\u00eeche<\/span><span style=\"font-size: 11pt;font-family: Arial, sans-serif;font-weight: 400;font-style: normal;font-variant: normal\">, avec un <\/span><span style=\"font-size: 11pt;font-family: Calibri, sans-serif;font-weight: 700;font-style: normal;font-variant: normal\">go\u00fbt de noisette<\/span><span style=\"font-size: 11pt;font-family: Arial, sans-serif;font-weight: 400;font-style: normal;font-variant: normal\"> et d&rsquo;<\/span><span style=\"font-size: 11pt;font-family: Calibri, sans-serif;font-weight: 700;font-style: normal;font-variant: normal\">amande<\/span><span style=\"font-size: 11pt;font-family: Arial, sans-serif;font-weight: 400;font-style: normal;font-variant: normal\"> en bouche.<\/span><\/p>\n<p dir=\"ltr\" style=\"line-height:1.38;margin-top:12pt;margin-bottom:12pt\"><span style=\"font-size: 11pt;font-family: Arial, sans-serif;font-weight: 400;font-style: normal;font-variant: normal\">Son taux de CBD reste plut\u00f4t \u00e9lev\u00e9 pour une fleur de CBD 100% naturelle, et garantie sans ajout de CBD.<\/span><\/p>\n<p dir=\"ltr\" style=\"line-height:1.38;margin-top:12pt;margin-bottom:12pt\"><span style=\"font-size: 11pt;font-family: Arial, sans-serif;font-weight: 400;font-style: normal;font-variant: normal\">La consommation de cette fleur procure une sensation de d\u00e9tente. L&rsquo;id\u00e9al pour lutter <\/span><span style=\"font-size: 11pt;font-family: Calibri, sans-serif;font-weight: 700;font-style: normal;font-variant: normal\">contre le stress<\/span><span style=\"font-size: 11pt;font-family: Arial, sans-serif;font-weight: 400;font-style: normal;font-variant: normal\">, <\/span><span style=\"font-size: 11pt;font-family: Calibri, sans-serif;font-weight: 700;font-style: normal;font-variant: normal\">l\u2019anxi\u00e9t\u00e9<\/span><span style=\"font-size: 11pt;font-family: Arial, sans-serif;font-weight: 400;font-style: normal;font-variant: normal\">, ou favoriser votre <\/span><span style=\"font-size: 11pt;font-family: Calibri, sans-serif;font-weight: 700;font-style: normal;font-variant: normal\">sommeil<\/span><span style=\"font-size: 11pt;font-family: Arial, sans-serif;font-weight: 400;font-style: normal;font-variant: normal\">.<\/span><\/p>\n<p dir=\"ltr\" style=\"line-height:1.38;margin-top:12pt;margin-bottom:12pt\"><span style=\"font-size: 11pt;font-family: Arial, sans-serif;font-weight: 400;font-style: normal;font-variant: normal\">Vous pouvez la consommer de diff\u00e9rentes fa\u00e7ons :&nbsp;<\/span><\/p>\n<ul style=\"margin-top:0;margin-bottom:0;padding-inline-start:48px\">\n<li dir=\"ltr\" style=\"list-style-type: disc;font-size: 11pt;font-family: Arial, sans-serif;font-weight: 400;font-style: normal;font-variant: normal\">\n<p dir=\"ltr\" style=\"line-height:1.38;margin-top:12pt;margin-bottom:0pt\" role=\"presentation\"><span style=\"font-size: 11pt;font-family: Arial, sans-serif;font-weight: 400;font-style: normal;font-variant: normal\">En <\/span><span style=\"font-size: 11pt;font-family: Calibri, sans-serif;font-weight: 700;font-style: normal;font-variant: normal\">vaporisation<\/span><span style=\"font-size: 11pt;font-family: Arial, sans-serif;font-weight: 400;font-style: normal;font-variant: normal\">: \u00e0 plus de 170 degr\u00e9s<\/span><\/p>\n<\/li>\n<li dir=\"ltr\" style=\"list-style-type: disc;font-size: 11pt;font-family: Arial, sans-serif;font-weight: 400;font-style: normal;font-variant: normal\">\n<p dir=\"ltr\" style=\"line-height:1.38;margin-top:0pt;margin-bottom:0pt\" role=\"presentation\"><span style=\"font-size: 11pt;font-family: Arial, sans-serif;font-weight: 400;font-style: normal;font-variant: normal\">En <\/span><span style=\"font-size: 11pt;font-family: Calibri, sans-serif;font-weight: 700;font-style: normal;font-variant: normal\">infusion<\/span><span style=\"font-size: 11pt;font-family: Arial, sans-serif;font-weight: 400;font-style: normal;font-variant: normal\">, en laissant infuser 10 minutes avec un corps gras (huile, lait de soja)<\/span><\/p>\n<\/li>\n<li dir=\"ltr\" style=\"list-style-type: disc;font-size: 11pt;font-family: Arial, sans-serif;font-weight: 400;font-style: normal;font-variant: normal\">\n<p dir=\"ltr\" style=\"line-height:1.38;margin-top:0pt;margin-bottom:12pt\" role=\"presentation\"><span style=\"font-size: 11pt;font-family: Arial, sans-serif;font-weight: 400;font-style: normal;font-variant: normal\">En <\/span><span style=\"font-size: 11pt;font-family: Calibri, sans-serif;font-weight: 700;font-style: normal;font-variant: normal\">cuisine<\/span><span style=\"font-size: 11pt;font-family: Arial, sans-serif;font-weight: 400;font-style: normal;font-variant: normal\">, en l&rsquo;int\u00e9grant dans vos meilleures recettes<\/span><\/p>\n<\/li>\n<\/ul>\n<h4 dir=\"ltr\" style=\"line-height:1.38;margin-top:12pt;margin-bottom:2pt\"><span style=\"font-size: 11pt;font-family: Arial, sans-serif;font-weight: 700;font-style: normal;font-variant: normal\">Propri\u00e9t\u00e9s :<\/span><\/h4>\n<p dir=\"ltr\" style=\"line-height:1.38;margin-top:12pt;margin-bottom:12pt\"><span style=\"font-size: 11pt;font-family: Arial, sans-serif;font-weight: 400;font-style: normal;font-variant: normal\">Quantit\u00e9 : 2 grammes<\/span><\/p>\n<p dir=\"ltr\" style=\"line-height:1.38;margin-top:12pt;margin-bottom:12pt\"><span style=\"font-size: 11pt;font-family: Arial, sans-serif;font-weight: 400;font-style: normal;font-variant: normal\">Go\u00fbt : Amer, noisette &amp; amande<\/span><\/p>\n<p dir=\"ltr\" style=\"line-height:1.38;margin-top:12pt;margin-bottom:12pt\"><span style=\"font-size: 11pt;font-family: Arial, sans-serif;font-weight: 400;font-style: normal;font-variant: normal\">Taux de CBD = 15 %<\/span><\/p>\n<p dir=\"ltr\" style=\"line-height:1.38;margin-top:12pt;margin-bottom:12pt\"><span style=\"font-size: 11pt;font-family: Arial, sans-serif;font-weight: 400;font-style: normal;font-variant: normal\">Taux de THC &lt; \u00e0 0,3%<\/span><\/p>\n<p dir=\"ltr\" style=\"line-height:1.38;margin-top:12pt;margin-bottom:12pt\"><span style=\"font-size: 11pt;font-family: Arial, sans-serif;font-weight: 400;font-style: normal;font-variant: normal\">______<\/span><\/p>\n<p dir=\"ltr\" style=\"line-height:1.38;margin-top:12pt;margin-bottom:12pt\"><span style=\"font-size: 11pt;font-family: Arial, sans-serif;font-weight: 400;font-style: normal;font-variant: normal\">Retrouvez-nous sur<\/span><a href=\"https:\/\/www.instagram.com\/monsterweed974\/\"><span style=\"font-size: 11pt;font-family: Arial, sans-serif;font-weight: 400;font-style: normal;font-variant: normal\"> <\/span><span style=\"font-size: 11pt;font-family: Arial, sans-serif;font-weight: 400;font-style: normal;font-variant: normal\">Instagram<\/span><\/a><span style=\"font-size: 11pt;font-family: Arial, sans-serif;font-weight: 400;font-style: normal;font-variant: normal\"> et<\/span><a href=\"https:\/\/www.facebook.com\/MonsterWeed974\"><span style=\"font-size: 11pt;font-family: Arial, sans-serif;font-weight: 400;font-style: normal;font-variant: normal\"> <\/span><span style=\"font-size: 11pt;font-family: Arial, sans-serif;font-weight: 400;font-style: normal;font-variant: normal\">Facebook<\/span><\/a><span style=\"font-size: 11pt;font-family: Arial, sans-serif;font-weight: 400;font-style: normal;font-variant: normal\"> pour d\u00e9couvrir l&rsquo;univers Monster Weed.<\/span><\/p>\n<p dir=\"ltr\" style=\"line-height:1.38;margin-top:12pt;margin-bottom:12pt\"><span style=\"font-size: 11pt;font-family: Arial, sans-serif;font-weight: 400;font-style: normal;font-variant: normal\">Vous resterez au courant des derni\u00e8res nouveaut\u00e9s et profiter des r\u00e9ductions \u00e9ph\u00e9m\u00e8res.<\/span><\/p>\n<p dir=\"ltr\" style=\"line-height:1.38;margin-top:12pt;margin-bottom:12pt\"><span style=\"font-size: 11pt;font-family: Arial, sans-serif;font-weight: 400;font-style: normal;font-variant: normal\">Retrouvez tous nos produits sur<\/span><a href=\"https:\/\/www.monster-weed.com\/\"><span style=\"font-size: 11pt;font-family: Arial, sans-serif;font-weight: 400;font-style: normal;font-variant: normal\"> <\/span><span style=\"font-size: 11pt;font-family: Arial, sans-serif;font-weight: 400;font-style: normal;font-variant: normal\">Monster Weed<\/span><\/a><span style=\"font-size: 11pt;font-family: Arial, sans-serif;font-weight: 400;font-style: normal;font-variant: normal\">.<\/span><\/p>\n<p dir=\"ltr\" style=\"line-height:1.38;margin-top:12pt;margin-bottom:12pt\"><span style=\"font-size: 11pt;font-family: Arial, sans-serif;font-weight: 400;font-style: normal;font-variant: normal\">______<\/span><\/p>\n<p dir=\"ltr\" style=\"line-height:1.38;margin-top:12pt;margin-bottom:12pt\"><span style=\"font-size: 11pt;font-family: Arial, sans-serif;font-weight: 400;font-style: normal;font-variant: normal\">Toutes nos fleurs de CBD sont garanties <\/span><span style=\"font-size: 11pt;font-family: Calibri, sans-serif;font-weight: 700;font-style: normal;font-variant: normal\">sans sulfates, pesticides ni anti-fongiques<\/span><span style=\"font-size: 11pt;font-family: Arial, sans-serif;font-weight: 400;font-style: normal;font-variant: normal\">.<\/span><\/p>\n<p dir=\"ltr\" style=\"line-height:1.38;margin-top:12pt;margin-bottom:12pt\"><span style=\"font-size: 11pt;font-family: Arial, sans-serif;font-weight: 400;font-style: normal;font-variant: normal\">Elles sont <\/span><span style=\"font-size: 11pt;font-family: Calibri, sans-serif;font-weight: 700;font-style: normal;font-variant: normal\">naturelles et 100% BIO<\/span><span style=\"font-size: 11pt;font-family: Arial, sans-serif;font-weight: 400;font-style: normal;font-variant: normal\">.<\/span><\/p>\n<p dir=\"ltr\" style=\"line-height:1.38;margin-top:12pt;margin-bottom:12pt\"><span style=\"font-size: 11pt;font-family: Arial, sans-serif;font-weight: 400;font-style: normal;font-variant: normal\">Le taux de THC est inf\u00e9rieur \u00e0 0.3% et respecte la l\u00e9gislation europ\u00e9enne.<\/span><\/p>\n<h6 dir=\"ltr\" style=\"line-height:1.38;margin-top:10pt;margin-bottom:2pt\"><span style=\"font-size: 10.5pt;font-family: Arial, sans-serif;font-weight: 700;font-style: normal;font-variant: normal\">Toutes nos fleurs sont inscrites au Catalogue Europ\u00e9en des vari\u00e9t\u00e9s homologu\u00e9es.<\/span><\/h6>\n<p dir=\"ltr\" style=\"line-height:1.38;margin-top:0pt;margin-bottom:0pt\"><span style=\"font-size: 11pt;font-family: Arial, sans-serif;font-weight: 400;font-style: normal;font-variant: normal\">Nos fleurs sont import\u00e9es d&rsquo;Italie. Elles y sont cultiv\u00e9es, analys\u00e9es et homologu\u00e9es aux normes Europ\u00e9ennes. D\u00e9coup\u00e9e, pes\u00e9e et mise en sachet chez Monster Weed.<\/span><\/p>\n","protected":false},"excerpt":{"rendered":"<p>Chemise \u00e0 col bleu<\/p>\n","protected":false},"featured_media":2287,"comment_status":"open","ping_status":"closed","template":"","meta":[],"etheme_brands":[],"product_brand":[],"product_cat":[48],"product_tag":[],"class_list":{"0":"post-2155","1":"product","2":"type-product","3":"status-publish","4":"has-post-thumbnail","6":"product_cat-hom_mkg","8":"first","9":"outofstock","10":"taxable","11":"shipping-taxable","12":"purchasable","13":"product-type-simple"},"_links":{"self":[{"href":"https:\/\/woocommerce.mykomela.com\/fringue1\/wp-json\/wp\/v2\/product\/2155","targetHints":{"allow":["GET"]}}],"collection":[{"href":"https:\/\/woocommerce.mykomela.com\/fringue1\/wp-json\/wp\/v2\/product"}],"about":[{"href":"https:\/\/woocommerce.mykomela.com\/fringue1\/wp-json\/wp\/v2\/types\/product"}],"replies":[{"embeddable":true,"href":"https:\/\/woocommerce.mykomela.com\/fringue1\/wp-json\/wp\/v2\/comments?post=2155"}],"version-history":[{"count":1,"href":"https:\/\/woocommerce.mykomela.com\/fringue1\/wp-json\/wp\/v2\/product\/2155\/revisions"}],"predecessor-version":[{"id":2288,"href":"https:\/\/woocommerce.mykomela.com\/fringue1\/wp-json\/wp\/v2\/product\/2155\/revisions\/2288"}],"wp:featuredmedia":[{"embeddable":true,"href":"https:\/\/woocommerce.mykomela.com\/fringue1\/wp-json\/wp\/v2\/media\/2287"}],"wp:attachment":[{"href":"https:\/\/woocommerce.mykomela.com\/fringue1\/wp-json\/wp\/v2\/media?parent=2155"}],"wp:term":[{"taxonomy":"brand","embeddable":true,"href":"https:\/\/woocommerce.mykomela.com\/fringue1\/wp-json\/wp\/v2\/etheme_brands?post=2155"},{"taxonomy":"product_brand","embeddable":true,"href":"https:\/\/woocommerce.mykomela.com\/fringue1\/wp-json\/wp\/v2\/product_brand?post=2155"},{"taxonomy":"product_cat","embeddable":true,"href":"https:\/\/woocommerce.mykomela.com\/fringue1\/wp-json\/wp\/v2\/product_cat?post=2155"},{"taxonomy":"product_tag","embeddable":true,"href":"https:\/\/woocommerce.mykomela.com\/fringue1\/wp-json\/wp\/v2\/product_tag?post=2155"}],"curies":[{"name":"wp","href":"https:\/\/api.w.org\/{rel}","templated":true}]}}